352.
2, 17
What are the prime factors of 94508?
2, 23627
What are the prime factors of 585?
3, 5, 13
What are the prime factors of 574?
2, 7, 41
List the prime factors of 1707.
3, 569
List the prime factors of 12400.
2, 5, 31
List the prime factors of 3783.
3, 13, 97
What are the prime factors of 1727?
11, 157
What are the prime factors of 58419?
3, 6491
List the prime factors of 40800.
2, 3, 5, 17
What are the prime factors of 19327?
7, 11, 251
What are the prime factors of 28467?
3, 3163
List the prime factors of 22082.
2, 61, 181
List the prime factors of 1389.
3, 463
What are the prime factors of 26204?
2, 6551
What are the prime factors of 111423?
3, 13, 2857
What are the prime factors of 15511?
15511
List the prime factors of 64416.
2, 3, 11, 61
List the prime factors of 14154.
2, 3, 7, 337
What are the prime factors of 8409?
3, 2803
What are the prime factors of 180108?
2, 3, 5003
List the prime factors of 15134.
2, 7, 23, 47
What are the prime factors of 35822?
2, 17911
List the prime factors of 1712.
2, 107
What are the prime factors of 12232?
2, 11, 139
What are the prime factors of 38492?
2, 9623
What are the prime factors of 6396?
2, 3, 13, 41
List the prime factors of 16093.
7, 11, 19
List the prime factors of 3219.
3, 29, 37
What are the prime factors of 5911?
23, 257
List the prime factors of 1486.
2, 743
List the prime factors of 345.
3, 5, 23
What are the prime factors of 1479?
3, 17, 29
What are the prime factors of 5969?
47, 127
List the prime factors of 5839.
5839
What are the prime factors of 4151?
7, 593
List the prime factors of 28278.
2, 3, 1571
What are the prime factors of 1817?
23, 79
What are the prime factors of 16446?
2, 3, 2741
List the prime factors of 82306.
2, 7, 5879
List the prime factors of 162.
2, 3
List the prime factors of 84329.
7, 1721
What are the prime factors of 42038?
2, 21019
List the prime factors of 1066.
2, 13, 41
List the prime factors of 11508.
2, 3, 7, 137
What are the prime factors of 1364?
2, 11, 31
List the prime factors of 81426.
2, 3, 41, 331
List the prime factors of 2237.
2237
What are the prime factors of 86433?
3, 47, 613
List the prime factors of 2388.
2, 3, 199
List the prime factors of 848.
2, 53
What are the prime factors of 50218?
2, 7, 17, 211
What are the prime factors of 1858?
2, 929
What are the prime factors of 4150?
2, 5, 83
What are the prime factors of 1866?
2, 3, 311
List the prime factors of 17904.
2, 3, 373
What are the prime factors of 787?
787
List the prime factors of 74635.
5, 11, 23, 59
What are the prime factors of 1195?
5, 239
What are the prime factors of 50114?
2, 25057
List the prime factors of 13020.
2, 3, 5, 7, 31
List the prime factors of 940.
2, 5, 47
What are the prime factors of 30469?
30469
What are the prime factors of 41314?
2, 7, 13, 227
What are the prime factors of 163?
163
What are the prime factors of 3650?
2, 5, 73
List the prime factors of 15117.
3, 5039
List the prime factors of 12040.
2, 5, 7, 43
List the prime factors of 761.
761
What are the prime factors of 1713?
3, 571
List the prime factors of 16401.
3, 7, 11, 71
List the prime factors of 43230.
2, 3, 5, 11, 131
What are the prime factors of 16800?
2, 3, 5, 7
List the prime factors of 82146.
2, 3, 13691
List the prime factors of 2553.
3, 23, 37
What are the prime factors of 19066?
2, 9533
List the prime factors of 762.
2, 3, 127
List the prime factors of 1800.
2, 3, 5
List the prime factors of 28061.
11, 2551
List the prime factors of 3238.
2, 1619
List the prime factors of 7656.
2, 3, 11, 29
List the prime factors of 1296.
2, 3
List the prime factors of 1170.
2, 3, 5, 13
What are the prime factors of 619?
619
What are the prime factors of 56422?
2, 28211
What are the prime factors of 469?
7, 67
List the prime factors of 1306.
2, 653
List the prime factors of 28152.
2, 3, 17, 23
List the prime factors of 2391.
3, 797
List the prime factors of 73093.
19, 3847
List the prime factors of 42.
2, 3, 7
List the prime factors of 62682.
2, 3, 31, 337
List the prime factors of 72865.
5, 13, 19, 59
What are the prime factors of 22521?
3, 7507
What are the prime factors of 1655?
5, 331
List the prime factors of 4671.
3, 173
List the prime factors of 872.
2, 109
List the prime factors of 8319.
3, 47, 59
List the prime factors of 7046.
2, 13, 271
What are the prime factors of 75?
3, 5
List the prime factors of 10122.
2, 3, 7, 241
What are the prime factors of 1056?
2, 3, 11
List the prime factors of 2983.
19, 157
List the prime factors of 48904.
2, 6113
List the prime factors of 1273.
19, 67
What are the prime factors of 65447?
65447
List the prime factors of 61236.
2, 3, 7
List the prime factors of 772.
2, 193
List the prime factors of 43986.
2, 3, 7331
What are the prime factors of 448?
2, 7
What are the prime factors of 59364?
2, 3, 17, 97
List the prime factors of 113192.
2, 14149
List the prime factors of 1105.
5, 13, 17
List the prime factors of 46757.
46757
List the prime factors of 4832.
2, 151
What are the prime factors of 32334?
2, 3, 17, 317
What are the prime factors of 216?
2, 3
List the prime factors of 3273.
3, 1091
What are the prime factors of 1462?
2, 17, 43
What are the prime factors of 7897?
53, 149
List the prime factors of 12405.
3, 5, 827
List the prime factors of 22474.
2, 17, 661
What are the prime factors of 15493?
15493
List the prime factors of 24345.
3, 5, 541
List the prime factors of 109063.
109063
List the prime factors of 1761.
3, 587
What are the prime factors of 69999?
3, 23333
What are the prime factors of 18720?
2, 3, 5, 13
List the prime factors of 733.
733
What are the prime factors of 625?
5
What are the prime factors of 35990?
2, 5, 59, 61
What are the prime factors of 1829?
31, 59
List the prime factors of 1847.
1847
What are the prime factors of 29202?
2, 3, 31, 157
What are the prime factors of 3774?
2, 3, 17, 37
List the prime factors of 843.
3, 281
List the prime factors of 11160.
2, 3, 5, 31
List the prime factors of 14196.
2, 3, 7, 13
What are the prime factors of 6558?
2, 3, 1093
List the prime factors of 5523.
3, 7, 263
What are the prime factors of 923?
13, 71
List the prime factors of 105.
3, 5, 7
What are the prime factors of 951?
3, 317
List the prime factors of 1717.
17, 101
What are the prime factors of 9243?
3, 13, 79
What are the prime factors of 78888?
2, 3, 19, 173
What are the prime factors of 628?
2, 157
List the prime factors of 49581.
3, 7, 787
List the prime factors of 494.
2, 13, 19
List the prime factors of 46056.
2, 3, 19, 101
What are the prime factors of 1959?
3, 653
List the prime factors of 4012.
2, 17, 59
What are the prime factors of 1168?
2, 73
List the prime factors of 15853.
83, 191
List the prime factors of 8414.
2, 7, 601
What are the prime factors of 2745?
3, 5, 61
List the prime factors of 419.
419
List the prime factors of 27463.
29, 947
List the prime factors of 503.
503
List the prime factors of 861.
3, 7, 41
List the prime factors of 2601.
3, 17
List the prime factors of 18604.
2, 4651
What are the prime factors of 135105?
3, 5, 9007
List the prime factors of 5504.
2, 43
List the prime factors of 2673.
3, 11
List the prime factors of 1005.
3, 5, 67
What are the prime factors of 1231?
1231
What are the prime factors of 9125?
5, 73
What are the prime factors of 418?
2, 11, 19
List the prime factors of 34385.
5, 13, 23
List the prime factors of 1204.
2, 7, 43
What are the prime factors of 1196?
2, 13, 23
List the prime factors of 4458.
2, 3, 743
List the prime factors of 2090.
2, 5, 11, 19
What are the prime factors of 724?
2, 181
List the prime factors of 10513.
10513
List the prime factors of 1108.
2, 277
What are the prime factors of 575?
5, 23
What are the prime factors of 57113?
7, 41, 199
List the prime factors of 691.
691
What are the prime factors of 54893?
17, 3229
List the prime factors of 15721.
79, 199
What are the prime factors of 12645?
3, 5, 281
What are the prime factors of 9454?
2, 29, 163
List the prime factors of 90393.
3, 29, 1039
What are the prime factors of 39995?
5, 19, 421
What are the prime factors of 353?
353
List the prime factors of 3475.
5, 139
List the prime factors of 3044.
2, 761
What are the prime factors of 17004?
2, 3, 13, 109
List the prime factors of 2347.
2347
What are the p